{"id":4,"date":"2014-06-19T13:26:27","date_gmt":"2014-06-19T12:26:27","guid":{"rendered":"http:\/\/1024a.de\/?page_id=4"},"modified":"2017-09-20T07:51:09","modified_gmt":"2017-09-20T06:51:09","slug":"prolog","status":"publish","type":"page","link":"http:\/\/1024a.de\/?page_id=4","title":{"rendered":"Prolog"},"content":{"rendered":"<p><strong>Prolog zur Reise in 2017<\/strong><\/p>\n<p>Nach 2014 haben wir wieder die Gelegenheit f\u00fcr eine lange Reise. Die ausnahmslos positiven Erfahrungen des letzten Trips haben in uns den Entschluss reifen lassen, unser Wohnmobil noch einmal nach Halifax zu schicken. Dieses Mal haben wir geplant, zun\u00e4chst Labrador und Neufundland zu bereisen. Wenn uns der Winter \u00fcberraschen sollte, ziehen wir immer weiter nach S\u00fcden, \u00fcber Bosten, Washington, Blue Ridge Parkway bis nach Florida. Es ist geplant, dass wir mit Paul und Hannah Weihnachten in Florida verbringen. Dann geht es weiter quer durch die USA an die Westk\u00fcste und dann auf nach Mexiko. Ende M\u00e4rz 2018 planen wir wieder in Hamburg zu sein.<br \/>\nAlles, was im Prolog f\u00fcr unsere letzte Reise steht, gilt noch immer. Also keine Aussteigerreise, keine Reise zum inneren Selbst. Nein, neben dem Spa\u00df und der Freude, die diese Art zu Reisen mit sich bringt, stellen wir fest, dass man solche W\u00fcnsche nicht aufschieben soll. Irgendwann haben wir vielleicht keine Lust, keine Kraft und keinen Mut mehr f\u00fcr solche Reisen. Oder vielleicht kann man solche Reisen irgendwann nicht mehr einfach so machen. Aber die Erinnerung an sch\u00f6ne Begebenheiten und Begegnungen wird uns, egal was kommt, niemand mehr nehmen k\u00f6nnen. Wir tragen sie dann in unserem Herzen.<br \/>\nWir freuen uns nat\u00fcrlich sehr, wenn die Familie, Freunde und Bekannte uns virtuell begleiten. Folgen kann man uns und unserem Dackel Dieter auch auf dem <strong>Instagram<\/strong>-Account <strong>@dietergoingplaces<\/strong>.<\/p>\n<p><strong>Prolog 2014<\/strong><br \/>\nWas ist Gl\u00fcck? In die unserem Fall ist es die M\u00f6glichkeit, zusammen eine gro\u00dfe Reise antreten zu k\u00f6nnen. Wir m\u00f6chten nach der Durchquerung von Kanada die Panamericana von Alaska bis Feuerland erkunden. Dazu haben wir sieben Monate Zeit. Wir reisen ohne Druck und sehen, wie weit wir kommen.<\/p>\n<p>Es ist keine Reise zur Selbstfindung, keine Forschungsreise und keine Aussteigerreise. Wir wollen auch nicht einfach mal weg, denn in Hamburg gef\u00e4llt es uns sehr gut. Wir reisen einfach so, weil es uns gef\u00e4llt und gerade passt.<\/p>\n<p>Die Reise beginnt nicht mit unserem Flug nach Halifax oder fr\u00fcher mit dem Verschiffen des Wohnmobils dorthin. Nein, sehr viel fr\u00fcher. Eigentlich mit der Entscheidung das Wohnmobil zu kaufen (besser den &#8220;white elephant&#8221; zu konfigurieren und bauen zu lassen). Danach das Projekt\u00a0F\u00fchrerschein. In den letzten sechs\u00a0Wochen intensivierten sich die\u00a0vielen Vorbereitungen: Impfen, Flug und RoRo-Passage buchen, Versicherungen f\u00fcr Transport, Auto, Reise, Krankheit, etc., Auto fit machen (siehe Foto), Reiseunterlagen zusammenstellen, Packen, das Allt\u00e4gliche hier ordnen.<\/p>\n<p>Und nat\u00fcrlich unseren Blog einrichten. Wir m\u00f6chten unsere Familie, unsere Freunde und Bekannte, wenn Sie denn wollen, gerne an unserer Reise teilnehmen lassen. Wir freuen uns nat\u00fcrlich auch sehr \u00fcber Kommentare und Neuigkeiten von Euch. Und jetzt geh es los.<\/p>\n","protected":false},"excerpt":{"rendered":"<p>Prolog zur Reise in 2017 Nach 2014 haben wir wieder die Gelegenheit f\u00fcr eine lange Reise. Die ausnahmslos positiven Erfahrungen des letzten Trips haben in uns den Entschluss reifen lassen, unser Wohnmobil noch einmal nach Halifax zu schicken. Dieses Mal &hellip; <a href=\"http:\/\/1024a.de\/?page_id=4\">Weiterlesen <span class=\"meta-nav\">&rarr;<\/span><\/a><\/p>\n","protected":false},"author":1,"featured_media":0,"parent":0,"menu_order":0,"comment_status":"open","ping_status":"open","template":"","meta":{"footnotes":""},"class_list":["post-4","page","type-page","status-publish","hentry"],"_links":{"self":[{"href":"http:\/\/1024a.de\/index.php?rest_route=\/wp\/v2\/pages\/4","targetHints":{"allow":["GET"]}}],"collection":[{"href":"http:\/\/1024a.de\/index.php?rest_route=\/wp\/v2\/pages"}],"about":[{"href":"http:\/\/1024a.de\/index.php?rest_route=\/wp\/v2\/types\/page"}],"author":[{"embeddable":true,"href":"http:\/\/1024a.de\/index.php?rest_route=\/wp\/v2\/users\/1"}],"replies":[{"embeddable":true,"href":"http:\/\/1024a.de\/index.php?rest_route=%2Fwp%2Fv2%2Fcomments&post=4"}],"version-history":[{"count":7,"href":"http:\/\/1024a.de\/index.php?rest_route=\/wp\/v2\/pages\/4\/revisions"}],"predecessor-version":[{"id":1570,"href":"http:\/\/1024a.de\/index.php?rest_route=\/wp\/v2\/pages\/4\/revisions\/1570"}],"wp:attachment":[{"href":"http:\/\/1024a.de\/index.php?rest_route=%2Fwp%2Fv2%2Fmedia&parent=4"}],"curies":[{"name":"wp","href":"https:\/\/api.w.org\/{rel}","templated":true}]}}